et w = 68 + o. Calculate the greatest common divisor of w and j.
10
Let s be 149 - (1 - (-2 + 8 + -3)). Let k = -143 + s. Let g be -2 + (-12)/(4/(-2)). What is the highest common divisor of k and g?
4
Let h be (5745 - 30)/((-6)/(-10)). What is the greatest common factor of h and 300?
75
Suppose 407*o - 844 - 43112 = 0. What is the highest common divisor of 2892 and o?
12
Let r(m) = -5*m - 15. Let l(v) = -8*v - 3. Let h be l(1). Let s be r(h). Suppose x = -4*x + s. Calculate the highest common divisor of x and 8.
8
Let t be -50*14805/(-752) + (-2)/((-32)/(-6)). Calculate the highest common divisor of t and 72.
24
Suppose 0*m - 3117 - 943 = -14*m. What is the greatest common divisor of 3364 and m?
58
Let f = 137 + -94. Suppose 5*p + 468 - 1543 = 0. What is the greatest common divisor of p and f?
43
Suppose 1 + 7 = 4*r + 4*b, -3*b - 15 = 0. Calculate the highest common factor of r and 427.
7
Let c(m) be the third derivative of m**6/120 - m**5/12 + 11*m**4/24 - 19*m**3/6 + 2*m**2 + 7*m. Let p be c(8). Calculate the greatest common factor of p and 9.
9
Let u = 16 - 43. Let k = -31 - u. Let y be (-133)/k + (-6)/8*-1. Calculate the greatest common divisor of y and 17.
17
Let s(q) = q**3 - 16*q**2 + 5*q + 180. Let k be s(16). Calculate the greatest common divisor of k and 170.
10
Suppose -69*a = 305 - 3755. Calculate the greatest common divisor of a and 2425.
25
Let v(s) = s**3 - 5*s**2 + 10*s - 9. Let m be v(7). Let g = 9778 - 9725. What is the greatest common divisor of m and g?
53
Let k = -776 - -781. Suppose -k*p = -v - 803, 5*p + 637 = 9*p + v. Calculate the highest common factor of p and 10.
10
Suppose -3065 = -41*j + 23*j + 2983. What is the highest common factor of j and 308?
28
Suppose 8*x - 3*h - 1000 = 0, 0 = -x + 11*h - 14*h + 152. Calculate the highest common factor of 392 and x.
8
Let p = -47 + 55. Suppose 0 + p = j - 4*o, -3*j - o = -11. Suppose -676 = -j*c + y, -2*y - 652 = -4*c - 7*y. Calculate the highest common factor of c and 21.
21
Let m be 13125/75 + 8/(-6)*(-9)/(-2). Calculate the highest common factor of m and 22139.
169
Let l be 3/(-3) - (-161)/(-7). Let u = l + 25. Let q be (5/((-20)/36))/(u/(-9)). Calculate the highest common factor of q and 9.
9
Let x = 36 - 25. Let r = -9496 + 9562. Calculate the highest common factor of r and x.
11
Suppose 3*y - 936 = -6*y. Suppose 3*t - 4*o + 26 = -127, 2*t = -o - 113. Let v = -29 - t. What is the highest common divisor of v and y?
26
Let z be -1 - (2 - 2) - (-68)/2. Let c = z - 27. Suppose -2*r + c*r = -5*i + 46, 2*r + 2 = 0. What is the greatest common divisor of i and 4?
2
Let j(m) = 131*m - 114. Let i be j(6). What is the highest common divisor of 210 and i?
42
Suppose -24 = i - 20, -5*i - 70 = -m. What is the greatest common divisor of 200 and m?
50
Suppose 2800 = -3*c + 10*c. Let w = c - 305. What is the greatest common factor of 38 and w?
19
Let j = 174 + -169. Suppose j*k = -9*k + 98. Calculate the greatest common divisor of 7 and k.
7
Suppose b + 0*o + 2*o - 8 = 0, b = -5*o + 5. Let n = b + -5. Suppose 3*h = 2*f - 85, 2*f - 42 = -4*h + 8. Calculate the highest common factor of f and n.
5
Let f(m) = -m**3 - 6*m**2 - 5*m + 23. Let g be f(-5). Let d be 322/g*((-15)/(-2))/5. What is the greatest common divisor of d and 42?
21
Suppose 186*n - 45586 + 11221 = 41523. Calculate the greatest common divisor of 1836 and n.
204
Let x be 831/15 - 70/175. Let n be (65/(-20))/(3/(-132)). Calculate the highest common divisor of x and n.
11
Let i(a) = -36*a + 39. Let k be i(0). Let m(x) = 3*x + 5. Suppose 0*f + 5*f - 35 = 0. Let l be m(f). Calculate the greatest common factor of k and l.
13
Suppose 23 = -2*h + 25, h + 727 = 4*y. Suppose -101*p = -114*p + y. What is the greatest common factor of p and 133?
7
Let r = 441 - 161. Suppose -31*i = -26*i - r. Calculate the highest common divisor of 182 and i.
14
Let p = -49 - -69. Let y(t) = -t**2 - 6*t - 1. Suppose 0 = -10*v - 39 + 9. Let w be y(v). What is the highest common factor of p and w?
4
Let d(k) = -7*k + 51. Let m be d(7). Let h be 1/4 + 47/4 + m. Let u be (4/3)/((-26)/(-273)). Calculate the greatest common divisor of u and h.
14
Let m = -1847 - -2558. Calculate the greatest common divisor of 90 and m.
9
Let r = 2172 + 4833. What is the highest common factor of r and 15?
15
Suppose 7 = 2*g - 2*b - 91, -4*g + 195 = -3*b. Let m be ((-126)/(-210))/((0 - 6/(-20))/30). What is the greatest common factor of m and g?
12
Suppose 4 = -3*c - c, 4*w + c - 295 = 0. Let v = 74 - w. Suppose v = 3*u - 5*n + 4, -2*u - n - 1 = -4*n. What is the greatest common factor of u and 7?
7
Let b(n) = -n**3 + 8*n**2 - 8*n - 50. Let g be b(7). Let y = 218 + g. Calculate the greatest common divisor of 23 and y.
23
Suppose -12*h - h = -650. Suppose -13*g + h = 12*g. Calculate the greatest common factor of g and 14.
2
Let z(p) = -p**3 - 5*p**2 + 14*p + 3. Let y be z(-7). Suppose 8*i - 11*i + 120 = y*x, 3*i - 132 = 3*x. What is the highest common divisor of i and 12?
6
Let b(s) = 15*s. Let t be b(4). Suppose 5*f - t = 140. Let a = 123979 - 123949. What is the highest common divisor of a and f?
10
Let p(v) = 2*v**2 + 60*v + 46. Let s be p(-31). Suppose -299 = -4*k + 5*u, 3*k = 5*u - 65 + 283. Calculate the greatest common factor of k and s.
27
Let l be ((-111)/(-9))/(-1)*3. Let c = l - -62. Calculate the greatest common divisor of c and 125.
25
Let l(v) = -2*v**2 - v - 1. Let w be l(-4). Suppose 0 = 2*j - 151 + 53. Let s = w + j. Calculate the greatest common factor of 50 and s.
10
Suppose -5*t + 20 = 3*z, -5*z = -2*z - 3*t + 12. Suppose z = -4*f + f + 120. Let b be ((-50)/4)/((-5)/f*4). What is the highest common divisor of b and 125?
25
Let m = -239 + 174. Let y = -29 - m. What is the greatest common factor of y and 54?
18
Let f be 14/((-25)/35*(-1)/5). What is the greatest common factor of f and 4851?
49
Let b(r) = r**2 - 2*r + 2. Let a be b(0). Suppose 8 = a*o - 5*s, 0 = -4*o - 6*s + 2*s + 72. Let p = -31 + 73. What is the highest common divisor of o and p?
14
Let o = -97 + 102. Let c be 260 - (13 + -2) - (0 + 4). What is the greatest common divisor of o and c?
5
Let v(t) = 15*t - 18*t - 20 - 15*t**2 - t**3 - 18*t. Let b be v(-14). Calculate the highest common divisor of b and 52.
26
Suppose 81*h + 86 = 26*h + 966. Calculate the highest common factor of 18240 and h.
16
Let g be 78/4 + (-1)/(-2). Let k be 710/34 + g/170. Calculate the greatest common factor of 357 and k.
21
Let q be -4*(-2)/(-4) - -41. Let j = q - 35. Suppose -j*o + 43 = -37. Calculate the greatest common factor of o and 10.
10
Suppose 150 + 618 = 4*y. Suppose -177 = -v - 45. Let h = v - 108. Calculate the greatest common divisor of h and y.
24
Suppose -3*t - 79*g = -82*g - 960, t + 5*g = 368. What is the highest common factor of 144 and t?
8
Let f be 458/1374 - 8975/(-3). Calculate the highest common divisor of f and 4048.
176
Let c(u) = 20*u + 176 - u**2 + 7*u - 11. Let r be c(32). What is the greatest common factor of r and 205?
5
Let o be (-8)/(-10) - 24/30. Let u(x) = -3*x + 35. Let i be u(o). What is the greatest common divisor of 5 and i?
5
Let r be ((-6)/4)/((-27)/4194). Let a = r + -188. What is the greatest common factor of a and 9?
9
Suppose -5*l + h = -1484, 58*h - 57*h - 1 = 0. What is the greatest common divisor of 825 and l?
33
Suppose -8*b = -27 - 5. Suppose 0 = -9*v - b*v + 754. What is the greatest common divisor of 116 and v?
58
Let r(j) = 3*j**3 + 52*j**2 + 75*j + 38. Let p be r(-11). What is the greatest common factor of 4752 and p?
216
Let j(x) = -45*x + 1182. Let i be j(26). Calculate the highest common factor of i and 170.
2
Let h(g) = g**3 + 56*g**2 + 64*g + 505. Let q be h(-55). What is the highest common divisor of q and 12890?
10
Let w(v) = 13*v - 8. Let b be (-26)/(-6)*(-8 + 5). Let o = b - -15. Let l be w(o). What is the greatest common factor of l and 45?
9
Let f(h) = -2*h + 4. Let o be f(3). Let c = 117 + o. Suppose -5*y + c = 5*l, -3*y - 46 = -5*y + l. Calculate the highest common factor of y and 161.
23
Let q be (-158)/(-6) + -2 - (-22)/33. Let g be 4*q - (9 - 11). What is the greatest common factor of g and 238?
34
Let p(t) = -t**3 + 161*t**2 + 31. Let b be p(0). Calculate the greatest common divisor of 37696 and b.
31
Let q = 91 - 88. Let o be ((-180)/(-21))/q*(-3